{"id":50,"date":"2018-11-28T11:04:27","date_gmt":"2018-11-28T13:04:27","guid":{"rendered":"http:\/\/trabalhovivo.net\/?page_id=50"},"modified":"2021-04-21T21:25:27","modified_gmt":"2021-04-22T00:25:27","slug":"home","status":"publish","type":"page","link":"https:\/\/trabalhovivo.net\/","title":{"rendered":"Home"},"content":{"rendered":"<p>&nbsp;<\/p>\n<p>Esta \u00e9 a p\u00e1gina do grupo &#8220;<strong>Entren\u00f3s &#8211; Trabalho e Linguagem<\/strong>&#8220;, coordenado pelo Professor Em\u00edlio Facas e vinculado ao N\u00facleo Trabalho, Psican\u00e1lise e Cr\u00edtica Social (Departamento de Psicologia Social e do Trabalho da Universidade de Bras\u00edlia). Neste momento, estamos na fase de divulga\u00e7\u00e3o dos projetos de pesquisa para 1\/2021e levantamento, junto a estudantes da gradua\u00e7\u00e3o, de interesse de participa\u00e7\u00e3o. Utilize o menu acima para obter as informa\u00e7\u00f5es necess\u00e1rias sobre os projetos, o n\u00famero de vagas, os pr\u00e9-requisitos para se candidatar \u00e0 pesquisa e os crit\u00e9rios de sele\u00e7\u00e3o.<\/p>\n<p>&nbsp;<\/p>\n","protected":false},"excerpt":{"rendered":"<p>&nbsp; Esta \u00e9 a p\u00e1gina do grupo &#8220;Entren\u00f3s &#8211; Trabalho e Linguagem&#8220;, coordenado pelo Professor Em\u00edlio Facas e vinculado ao&hellip;<\/p>\n","protected":false},"author":1,"featured_media":0,"parent":0,"menu_order":0,"comment_status":"closed","ping_status":"closed","template":"","meta":{"footnotes":""},"class_list":["post-50","page","type-page","status-publish","hentry"],"_links":{"self":[{"href":"https:\/\/trabalhovivo.net\/index.php\/wp-json\/wp\/v2\/pages\/50","targetHints":{"allow":["GET"]}}],"collection":[{"href":"https:\/\/trabalhovivo.net\/index.php\/wp-json\/wp\/v2\/pages"}],"about":[{"href":"https:\/\/trabalhovivo.net\/index.php\/wp-json\/wp\/v2\/types\/page"}],"author":[{"embeddable":true,"href":"https:\/\/trabalhovivo.net\/index.php\/wp-json\/wp\/v2\/users\/1"}],"replies":[{"embeddable":true,"href":"https:\/\/trabalhovivo.net\/index.php\/wp-json\/wp\/v2\/comments?post=50"}],"version-history":[{"count":13,"href":"https:\/\/trabalhovivo.net\/index.php\/wp-json\/wp\/v2\/pages\/50\/revisions"}],"predecessor-version":[{"id":203,"href":"https:\/\/trabalhovivo.net\/index.php\/wp-json\/wp\/v2\/pages\/50\/revisions\/203"}],"wp:attachment":[{"href":"https:\/\/trabalhovivo.net\/index.php\/wp-json\/wp\/v2\/media?parent=50"}],"curies":[{"name":"wp","href":"https:\/\/api.w.org\/{rel}","templated":true}]}}

<p>&nbsp;</p>
<p>Esta é a página do grupo &#8220;<strong>Entrenós &#8211; Trabalho e Linguagem</strong>&#8220;, coordenado pelo Professor Emílio Facas e vinculado ao Núcleo Trabalho, Psicanálise e Crítica Social (Departamento de Psicologia Social e do Trabalho da Universidade de Brasília). Neste momento, estamos na fase de divulgação dos projetos de pesquisa para 1/2021e levantamento, junto a estudantes da graduação, de interesse de participação. Utilize o menu acima para obter as informações necessárias sobre os projetos, o número de vagas, os pré-requisitos para se candidatar à pesquisa e os critérios de seleção.</p>
<p>&nbsp;</p>

<p>&nbsp; Esta é a página do grupo &#8220;Entrenós &#8211; Trabalho e Linguagem&#8220;, coordenado pelo Professor Emílio Facas e vinculado ao&hellip;</p>
